factors of 7376719061?
4357, 1693073
List the prime factors of 1675028806.
2, 11, 29, 151, 17387
List the prime factors of 154081906.
2, 11, 19, 211, 1747
List the prime factors of 196151262.
2, 3, 283, 331, 349
List the prime factors of 80965310.
2, 5, 751, 10781
What are the prime factors of 66924218?
2, 41, 79, 10331
List the prime factors of 84123196.
2, 3463, 6073
What are the prime factors of 86386110?
2, 3, 5, 157, 18341
List the prime factors of 433369267.
433369267
List the prime factors of 1776374773.
37, 59, 71, 73, 157
What are the prime factors of 394830777?
3, 11, 11964569
What are the prime factors of 114922927?
7, 23, 713807
What are the prime factors of 101349235?
5, 13, 257, 6067
What are the prime factors of 94199582?
2, 23, 457, 4481
What are the prime factors of 78423282?
2, 3, 7, 207469
List the prime factors of 350071675.
5, 19, 736993
What are the prime factors of 1775985085?
5, 7, 29, 263, 6653
List the prime factors of 1415796642.
2, 3, 13, 6050413
What are the prime factors of 92728982?
2, 17, 71, 107, 359
What are the prime factors of 726330224?
2, 45395639
List the prime factors of 2206614764.
2, 433, 509, 2503
List the prime factors of 148083768.
2, 3, 7, 37, 2647
What are the prime factors of 1240708922?
2, 620354461
List the prime factors of 694889657.
7, 11, 9024541
List the prime factors of 1064564862.
2, 3, 31, 1103, 5189
List the prime factors of 391505151.
3, 130501717
What are the prime factors of 77998627?
7, 37, 301153
List the prime factors of 8913290377.
8913290377
List the prime factors of 5836316999.
23, 113, 1151, 1951
List the prime factors of 37797489.
3, 71, 19717
List the prime factors of 5422321777.
29, 1693, 110441
List the prime factors of 3330644390.
2, 5, 1181, 282019
What are the prime factors of 875476534?
2, 29, 173, 87251
What are the prime factors of 48729779?
7, 947, 7351
List the prime factors of 5129118.
2, 3, 67, 4253
List the prime factors of 217536753.
3, 7, 10358893
List the prime factors of 85810537.
85810537
What are the prime factors of 24690130?
2, 5, 103, 23971
What are the prime factors of 1312725826?
2, 1667, 393739
What are the prime factors of 2557726318?
2, 7, 3769, 48473
List the prime factors of 957986895.
3, 5, 43, 1485251
What are the prime factors of 3965397433?
673, 5892121
What are the prime factors of 189890122?
2, 94945061
What are the prime factors of 1328947898?
2, 1319, 503771
List the prime factors of 6035732.
2, 1508933
What are the prime factors of 230443387?
229, 1006303
What are the prime factors of 6220633551?
3, 11, 89, 2118023
What are the prime factors of 330297400?
2, 5, 151, 10937
What are the prime factors of 3281955672?
2, 3, 17, 61, 7757
What are the prime factors of 594990684?
2, 3, 17, 108023
What are the prime factors of 2302650984?
2, 3, 31, 71, 43591
List the prime factors of 315816308.
2, 78954077
List the prime factors of 376724969.
2161, 174329
What are the prime factors of 311807958?
2, 3, 7, 11, 331, 2039
List the prime factors of 194052696.
2, 3, 8085529
List the prime factors of 19924901.
17, 19, 61687
List the prime factors of 998601105.
3, 5, 6709, 9923
List the prime factors of 6788465440.
2, 5, 281, 150989
List the prime factors of 2107203570.
2, 3, 5, 23413373
List the prime factors of 83768846.
2, 7, 5983489
List the prime factors of 348617290.
2, 5, 7, 1627, 3061
List the prime factors of 386652064.
2, 157, 76961
List the prime factors of 1610276660.
2, 5, 67, 1201699
What are the prime factors of 436629977?
7, 62375711
What are the prime factors of 1844970721?
11, 179, 937009
What are the prime factors of 4245134300?
2, 5, 11, 3859213
What are the prime factors of 268175130?
2, 3, 5, 1301, 6871
What are the prime factors of 236953353?
3, 7, 13, 283, 3067
List the prime factors of 1289942072.
2, 19, 47, 180563
List the prime factors of 24535611.
3, 2726179
List the prime factors of 7863100259.
7, 1123300037
List the prime factors of 35364059.
83, 426073
What are the prime factors of 1709542329?
3, 11, 4709483
List the prime factors of 2256264625.
5, 37, 71, 6871
What are the prime factors of 199685759?
7, 13, 389, 5641
List the prime factors of 264048117.
3, 113, 778903
What are the prime factors of 2664385436?
2, 43, 15490613
List the prime factors of 1876159218.
2, 3, 19, 991, 16607
List the prime factors of 585205023.
3, 13, 1583, 9479
What are the prime factors of 1404301284?
2, 3, 39008369
What are the prime factors of 2054245146?
2, 3, 342374191
List the prime factors of 29680593.
3, 353, 28027
What are the prime factors of 1447586026?
2, 499, 1450487
What are the prime factors of 5056244729?
101, 50061829
List the prime factors of 1256773107.
3, 19, 23, 958637
List the prime factors of 1232932984.
2, 353, 436591
What are the prime factors of 2722659509?
43, 63317663
What are the prime factors of 121795430?
2, 5, 12179543
What are the prime factors of 4749600942?
2, 3, 461, 190793
List the prime factors of 122508447.
3, 19, 457, 4703
List the prime factors of 611416599.
3, 19, 29, 211, 1753
List the prime factors of 9907893.
3, 67, 5477
List the prime factors of 61577598.
2, 3, 131, 157, 499
What are the prime factors of 358469783?
7, 29, 1765861
List the prime factors of 344495825.
5, 13779833
List the prime factors of 962088260.
2, 5, 7, 211, 32569
What are the prime factors of 311115654?
2, 3, 29, 47, 1409
List the prime factors of 2509202107.
241, 1097, 9491
What are the prime factors of 187792294?
2, 1087, 86381
What are the prime factors of 57067743?
3, 19022581
List the prime factors of 80512885.
5, 16102577
List the prime factors of 969457378.
2, 131, 167, 22157
List the prime factors of 503389474.
2, 7, 35956391
List the prime factors of 639288809.
53, 12062053
List the prime factors of 22834238.
2, 7, 19, 85843
List the prime factors of 148565434.
2, 29, 37, 107, 647
What are the prime factors of 136783148?
2, 181, 188927
What are the prime factors of 928868034?
2, 3, 59, 67, 39163
List the prime factors of 682243959.
3, 359, 633467
What are the prime factors of 6148517?
379, 16223
What are the prime factors of 20808057?
3, 239, 29021
List the prime factors of 422795772.
2, 3, 7, 41, 151, 271
What are the prime factors of 129099559?
129099559
What are the prime factors of 191641792?
2, 2994403
What are the prime factors of 2585642913?
3, 7, 47, 151, 5783
List the prime factors of 1741572734.
2, 11, 79162397
List the prime factors of 500095218.
2, 3, 7, 877, 13577
What are the prime factors of 853076803?
6311, 135173
List the prime factors of 274440543.
3, 13, 29, 431, 563
What are the prime factors of 3193142631?
3, 7, 31, 457, 10733
List the prime factors of 1340881468.
2, 29, 383, 30181
List the prime factors of 6862772426.
2, 61, 1933, 29101
List the prime factors of 101999518.
2, 89, 573031
List the prime factors of 762412989.
3, 13, 19549051
What are the prime factors of 3061001302?
2, 59, 25940689
List the prime factors of 90060292.
2, 7, 307, 10477
List the prime factors of 968318019.
3, 4001, 26891
What are the prime factors of 1511415802?
2, 13, 58131377
What are the prime factors of 561958184?
2, 71, 881, 1123
List the prime factors of 165903015.
3, 5, 41, 269761
What are the prime factors of 159182806?
2, 37, 2151119
List the prime factors of 931086862.
2, 83, 977, 5741
What are the prime factors of 931402663?
931402663
List the prime factors of 197042768.
2, 13, 19, 73, 683
What are the prime factors of 350515487?
7, 50073641
What are the prime factors of 710286977?
710286977
What are the prime factors of 263374985?
5, 52674997
What are the prime factors of 1148340041?
1148340041
What are the prime factors of 203635941?
3, 29, 1019, 2297
What are the prime factors of 328443150?
2, 3, 5, 7, 421, 743
List the prime factors of 363687742.
2, 11, 16531261
What are the prime factors of 4379211085?
5, 875842217
List the prime factors of 498875065.
5, 13, 73, 105137
What are the prime factors of 241699022?
2, 37, 947, 3449
What are the prime factors of 979536388?
2, 31, 43, 183709
List the prime factors of 141862604.
2, 13, 83, 32869
What are the prime factors of 2347234684?
2, 977, 600623
What are the prime factors of 41931288?
2, 3, 7, 271, 307
What are the prime factors of 450197563?
6073, 74131
W